{"id":436,"date":"2024-12-03T16:32:53","date_gmt":"2024-12-03T16:32:53","guid":{"rendered":"https:\/\/www.telentic.es\/prueba\/?page_id=436"},"modified":"2024-12-04T16:41:38","modified_gmt":"2024-12-04T16:41:38","slug":"aviso-legal","status":"publish","type":"page","link":"https:\/\/www.telentic.es\/index.php\/aviso-legal\/","title":{"rendered":"Aviso Legal"},"content":{"rendered":"\t\t<div data-elementor-type=\"wp-page\" data-elementor-id=\"436\" class=\"elementor elementor-436\">\n\t\t\t\t<div class=\"elementor-element elementor-element-7b160ee e-flex e-con-boxed e-con e-parent\" data-id=\"7b160ee\" data-element_type=\"container\">\n\t\t\t\t\t<div class=\"e-con-inner\">\n\t\t<div class=\"elementor-element elementor-element-3debf01 e-flex e-con-boxed e-con e-child\" data-id=\"3debf01\" data-element_type=\"container\">\n\t\t\t\t\t<div class=\"e-con-inner\">\n\t\t<div class=\"elementor-element elementor-element-f41fb30 e-con-full e-flex e-con e-child\" data-id=\"f41fb30\" data-element_type=\"container\">\n\t\t\t\t<div class=\"elementor-element elementor-element-64a9e96 elementor-widget elementor-widget-heading\" data-id=\"64a9e96\" data-element_type=\"widget\" data-widget_type=\"heading.default\">\n\t\t\t\t<div class=\"elementor-widget-container\">\n\t\t\t\t\t<h2 class=\"elementor-heading-title elementor-size-default\">I. INFORMACI\u00d3N GENERAL<\/h2>\t\t\t\t<\/div>\n\t\t\t\t<\/div>\n\t\t\t\t<\/div>\n\t\t\t\t<div class=\"elementor-element elementor-element-a4c7152 elementor-widget elementor-widget-text-editor\" data-id=\"a4c7152\" data-element_type=\"widget\" data-widget_type=\"text-editor.default\">\n\t\t\t\t<div class=\"elementor-widget-container\">\n\t\t\t\t\t\t\t\t\t<p style=\"text-align: left;\"><span style=\"color: #333333;\">En cumplimiento con el deber de informaci\u00f3n dispuesto en la Ley 34\/2002 de Servicios de la Sociedad de <\/span><span style=\"color: #333333;\">la Informaci\u00f3n y el Comercio Electr\u00f3nico (LSSI-CE) de 11 de julio, se facilitan a continuaci\u00f3n los siguientes <\/span><span style=\"color: #333333;\">datos de informaci\u00f3n general de este sitio web:<\/span><\/p><p style=\"text-align: left;\"><span style=\"color: #333333;\">La titularidad de este sitio web, https:\/\/telentic.es, (en adelante, Sitio Web) la ostenta: TelenTIC, <\/span><span style=\"color: #333333;\">y cuyos datos de contacto son:<\/span><br \/><span style=\"color: #333333;\">Direcci\u00f3n: Av. de la Sagra, 18, Local 2, 45230 Numancia de la Sagra, Toledo<\/span><br \/><span style=\"color: #333333;\">Tel\u00e9fono de contacto: 925609205<\/span><br \/><span style=\"color: #333333;\">Email de contacto: info@telentic.es<\/span><\/p>\t\t\t\t\t\t\t\t<\/div>\n\t\t\t\t<\/div>\n\t\t\t\t<div class=\"elementor-element elementor-element-cc7d17a elementor-widget elementor-widget-heading\" data-id=\"cc7d17a\" data-element_type=\"widget\" data-widget_type=\"heading.default\">\n\t\t\t\t<div class=\"elementor-widget-container\">\n\t\t\t\t\t<h2 class=\"elementor-heading-title elementor-size-default\">II. T\u00c9RMINOS Y CONDICIONES GENERALES DE USO<\/h2>\t\t\t\t<\/div>\n\t\t\t\t<\/div>\n\t\t\t\t<div class=\"elementor-element elementor-element-fd59a2c elementor-widget elementor-widget-heading\" data-id=\"fd59a2c\" data-element_type=\"widget\" data-widget_type=\"heading.default\">\n\t\t\t\t<div class=\"elementor-widget-container\">\n\t\t\t\t\t<h3 class=\"elementor-heading-title elementor-size-default\">El objeto de las condiciones: El Sitio Web<\/h3>\t\t\t\t<\/div>\n\t\t\t\t<\/div>\n\t\t\t\t<div class=\"elementor-element elementor-element-fb0346d elementor-widget elementor-widget-text-editor\" data-id=\"fb0346d\" data-element_type=\"widget\" data-widget_type=\"text-editor.default\">\n\t\t\t\t<div class=\"elementor-widget-container\">\n\t\t\t\t\t\t\t\t\t<p><span style=\"color: #333333;\">El objeto de las presentes Condiciones Generales de Uso (en adelante, Condiciones) es regular el acceso y <\/span><span style=\"color: #333333;\">la utilizaci\u00f3n del Sitio Web. A los efectos de las presentes Condiciones se entender\u00e1 como Sitio Web: la <\/span><span style=\"color: #333333;\">apariencia externa de los interfaces de pantalla, tanto de forma est\u00e1tica como de forma din\u00e1mica, es <\/span><span style=\"color: #333333;\">decir, el \u00e1rbol de navegaci\u00f3n; y todos los elementos integrados tanto en los interfaces de pantalla como en <\/span><span style=\"color: #333333;\">el \u00e1rbol de navegaci\u00f3n (en adelante, Contenidos) y todos aquellos servicios o recursos en l\u00ednea que en su <\/span><span style=\"color: #333333;\">caso ofrezca a los Usuarios (en adelante, Servicios).<\/span><\/p><p><span style=\"color: #333333;\">TelenTIC se reserva la facultad de modificar, en cualquier momento, y sin aviso previo, la presentaci\u00f3n y <\/span><span style=\"color: #333333;\">configuraci\u00f3n del Sitio Web y de los Contenidos y Servicios que en \u00e9l pudieran estar incorporados. El <\/span><span style=\"color: #333333;\">Usuario reconoce y acepta que en cualquier momento TelenTIC pueda interrumpir, desactivar y\/o cancelar <\/span><span style=\"color: #333333;\">cualquiera de estos elementos que se integran en el Sitio Web o el acceso a los mismos. <\/span><\/p><p><span style=\"color: #333333;\">El acceso al Sitio Web por el Usuario tiene car\u00e1cter libre y, por regla general, es gratuito sin que el Usuario <\/span><span style=\"color: #333333;\">tenga que proporcionar una contraprestaci\u00f3n para poder disfrutar de ello, salvo en lo relativo al coste de <\/span><span style=\"color: #333333;\">conexi\u00f3n a trav\u00e9s de la red de telecomunicaciones suministrada por el proveedor de acceso que hubiere <\/span><span style=\"color: #333333;\">contratado el Usuario.<\/span><\/p><p><span style=\"color: #333333;\">La utilizaci\u00f3n de alguno de los Contenidos o Servicios del Sitio Web podr\u00e1 hacerse mediante la suscripci\u00f3n <\/span><span style=\"color: #333333;\">o registro previo del Usuario.<\/span><\/p>\t\t\t\t\t\t\t\t<\/div>\n\t\t\t\t<\/div>\n\t\t\t\t<div class=\"elementor-element elementor-element-54c3a80 elementor-widget elementor-widget-heading\" data-id=\"54c3a80\" data-element_type=\"widget\" data-widget_type=\"heading.default\">\n\t\t\t\t<div class=\"elementor-widget-container\">\n\t\t\t\t\t<h3 class=\"elementor-heading-title elementor-size-default\">El Usuario<\/h3>\t\t\t\t<\/div>\n\t\t\t\t<\/div>\n\t\t\t\t<div class=\"elementor-element elementor-element-bb38e85 elementor-widget elementor-widget-text-editor\" data-id=\"bb38e85\" data-element_type=\"widget\" data-widget_type=\"text-editor.default\">\n\t\t\t\t<div class=\"elementor-widget-container\">\n\t\t\t\t\t\t\t\t\t<p><span style=\"color: #333333;\">El acceso, la navegaci\u00f3n y uso del Sitio Web, as\u00ed como por los espacios habilitados para interactuar entre <\/span><span style=\"color: #333333;\">los Usuarios, y el Usuario y TelenTIC, como los comentarios y\/o espacios de blogging, confiere la condici\u00f3n <\/span><span style=\"color: #333333;\">de Usuario, por lo que se aceptan, desde que se inicia la navegaci\u00f3n por el Sitio Web, todas las <\/span><span style=\"color: #333333;\">Condiciones aqu\u00ed establecidas, as\u00ed como sus ulteriores modificaciones, sin perjuicio de la aplicaci\u00f3n de la <\/span><span style=\"color: #333333;\">correspondiente normativa legal de obligado cumplimiento seg\u00fan el caso. Dada la relevancia de lo <\/span><span style=\"color: #333333;\">anterior, se recomienda al Usuario leerlas cada vez que visite el Sitio Web. <\/span><\/p><p><span style=\"color: #333333;\">El Sitio Web de TelenTIC proporciona gran diversidad de informaci\u00f3n, servicios y datos. El Usuario asume <\/span><span style=\"color: #333333;\">su responsabilidad para realizar un uso correcto del Sitio Web. Esta responsabilidad se extender\u00e1 a: <\/span><\/p><ul><li><span style=\"color: #333333;\">Un uso de la informaci\u00f3n, Contenidos y\/o Servicios y datos ofrecidos por TelenTIC sin que sea <\/span><span style=\"color: #333333;\">contrario a lo dispuesto por las presentes Condiciones, la Ley, la moral o el orden p\u00fablico, o que de <\/span><span style=\"color: #333333;\">cualquier otro modo puedan suponer lesi\u00f3n de los derechos de terceros o del mismo funcionamiento <\/span><span style=\"color: #333333;\">del Sitio Web.<\/span><\/li><li><span style=\"color: #333333;\">La veracidad y licitud de las informaciones aportadas por el Usuario en los formularios extendidos <\/span><span style=\"color: #333333;\">por TelenTIC para el acceso a ciertos Contenidos o Servicios ofrecidos por el Sitio Web. En todo caso, <\/span><span style=\"color: #333333;\">el Usuario notificar\u00e1 de forma inmediata a TelenTIC acerca de cualquier hecho que permita el uso <\/span><span style=\"color: #333333;\">indebido de la informaci\u00f3n registrada en dichos formularios, tales como, pero no solo, el robo, <\/span><span style=\"color: #333333;\">extrav\u00edo, o el acceso no autorizado a identificadores y\/o contrase\u00f1as, con el fin de proceder a su <\/span><span style=\"color: #333333;\">inmediata cancelaci\u00f3n.<\/span><\/li><\/ul><p><span style=\"color: #333333;\">TelenTIC se reserva el derecho de retirar todos aquellos comentarios y aportaciones que vulneren la ley, el <\/span><span style=\"color: #333333;\">respeto a la dignidad de la persona, que sean discriminatorios, xen\u00f3fobos,\u00a0 racistas, pornogr\u00e1ficos, <\/span><span style=\"color: #333333;\">spamming, que atenten contra la juventud o la infancia, el orden o la seguridad p\u00fablica o que, a su juicio, <\/span><span style=\"color: #333333;\">no resultaran adecuados para su publicaci\u00f3n.<\/span><\/p><p><span style=\"color: #333333;\">En cualquier caso, TelenTIC no ser\u00e1 responsable de las opiniones vertidas por los Usuarios a trav\u00e9s de <\/span><span style=\"color: #333333;\">comentarios u otras herramientas de blogging o de participaci\u00f3n que pueda haber.<\/span><\/p><p><span style=\"color: #333333;\">El mero acceso a este Sitio Web no supone entablar ning\u00fan tipo de relaci\u00f3n de car\u00e1cter comercial entre <\/span><span style=\"color: #333333;\">TelenTIC y el Usuario.<\/span><\/p><p><span style=\"color: #333333;\">El Usuario declara ser mayor de edad y disponer de la capacidad jur\u00eddica suficiente para vincularse por las <\/span><span style=\"color: #333333;\">presentes Condiciones. Por lo tanto, este Sitio Web de TelenTIC no se dirige a menores de edad. TelenTIC <\/span><span style=\"color: #333333;\">declina cualquier responsabilidad por el incumplimiento de este requisito.<\/span><\/p><p><span style=\"color: #333333;\">El Sitio Web est\u00e1 dirigido principalmente a Usuarios residentes en Espa\u00f1a. TelenTIC no asegura que el Sitio <\/span><span style=\"color: #333333;\">Web cumpla con legislaciones de otros pa\u00edses, ya sea total o parcialmente. Si el Usuario reside o tiene su <\/span><span style=\"color: #333333;\">domiciliado en otro lugar y decide acceder y\/o navegar en el Sitio Web lo har\u00e1 bajo su propia <\/span><span style=\"color: #333333;\">responsabilidad, deber\u00e1 asegurarse de que tal acceso y navegaci\u00f3n cumple con la legislaci\u00f3n local que le <\/span><span style=\"color: #333333;\">es aplicable, no asumiendo TelenTIC responsabilidad alguna que se pueda derivar de dicho acceso.<\/span><\/p>\t\t\t\t\t\t\t\t<\/div>\n\t\t\t\t<\/div>\n\t\t\t\t<div class=\"elementor-element elementor-element-ff1b96d elementor-widget elementor-widget-heading\" data-id=\"ff1b96d\" data-element_type=\"widget\" data-widget_type=\"heading.default\">\n\t\t\t\t<div class=\"elementor-widget-container\">\n\t\t\t\t\t<h2 class=\"elementor-heading-title elementor-size-default\">III. ACCESO Y NAVEGACI\u00d3N EN EL SITIO WEB:\nEXCLUSI\u00d3N DE GARANT\u00cdAS Y RESPONSABILIDAD<\/h2>\t\t\t\t<\/div>\n\t\t\t\t<\/div>\n\t\t\t\t<div class=\"elementor-element elementor-element-9030ddd elementor-widget elementor-widget-text-editor\" data-id=\"9030ddd\" data-element_type=\"widget\" data-widget_type=\"text-editor.default\">\n\t\t\t\t<div class=\"elementor-widget-container\">\n\t\t\t\t\t\t\t\t\t<p><span style=\"color: #333333;\">TelenTIC no garantiza la continuidad, disponibilidad y utilidad del Sitio Web, ni de los Contenidos o <\/span><span style=\"color: #333333;\">Servicios. TelenTIC har\u00e1 todo lo posible por el buen funcionamiento del Sitio Web, sin embargo, no se <\/span><span style=\"color: #333333;\">responsabiliza ni garantiza que el acceso a este Sitio Web no vaya a ser ininterrumpido o que est\u00e9 libre de <\/span><span style=\"color: #333333;\">error.<\/span><\/p><p><span style=\"color: #333333;\">Tampoco se responsabiliza o garantiza que el contenido o software al que pueda accederse a trav\u00e9s de <\/span><span style=\"color: #333333;\">este Sitio Web, est\u00e9 libre de error o cause un da\u00f1o al sistema inform\u00e1tico (software y hardware) del <\/span><span style=\"color: #333333;\">Usuario. En ning\u00fan caso TelenTIC ser\u00e1 responsable por las p\u00e9rdidas, da\u00f1os o perjuicios de cualquier tipo <\/span><span style=\"color: #333333;\">que surjan por el acceso, navegaci\u00f3n y el uso del Sitio Web, incluy\u00e9ndose, pero no limit\u00e1ndose, a los <\/span><span style=\"color: #333333;\">ocasionados a los sistemas inform\u00e1ticos o los provocados por la introducci\u00f3n de virus.<\/span><\/p><p><span style=\"color: #333333;\">TelenTIC tampoco se hace responsable de los da\u00f1os que pudiesen ocasionarse a los usuarios por un uso <\/span><span style=\"color: #333333;\">inadecuado de este Sitio Web. En particular, no se hace responsable en modo alguno de las ca\u00eddas, <\/span><span style=\"color: #333333;\">interrupciones, falta o defecto de las telecomunicaciones que pudieran ocurrir.<\/span><\/p>\t\t\t\t\t\t\t\t<\/div>\n\t\t\t\t<\/div>\n\t\t\t\t<div class=\"elementor-element elementor-element-13e6816 elementor-widget elementor-widget-heading\" data-id=\"13e6816\" data-element_type=\"widget\" data-widget_type=\"heading.default\">\n\t\t\t\t<div class=\"elementor-widget-container\">\n\t\t\t\t\t<h2 class=\"elementor-heading-title elementor-size-default\">IV. POL\u00cdTICA DE ENLACES<\/h2>\t\t\t\t<\/div>\n\t\t\t\t<\/div>\n\t\t\t\t<div class=\"elementor-element elementor-element-52dba80 elementor-widget elementor-widget-text-editor\" data-id=\"52dba80\" data-element_type=\"widget\" data-widget_type=\"text-editor.default\">\n\t\t\t\t<div class=\"elementor-widget-container\">\n\t\t\t\t\t\t\t\t\t<p><span style=\"color: #333333;\">Se informa que el Sitio Web de TelenTIC pone o puede poner a disposici\u00f3n de los Usuarios medios de <\/span><span style=\"color: #333333;\">enlace (como, entre otros, links, banners, botones), directorios y motores de b\u00fasqueda que permiten a los <\/span><span style=\"color: #333333;\">Usuarios acceder a sitios web pertenecientes y\/o gestionados por terceros.<\/span><\/p><p><span style=\"color: #333333;\">La instalaci\u00f3n de estos enlaces, directorios y motores de b\u00fasqueda en el Sitio Web tiene por objeto facilitar <\/span><span style=\"color: #333333;\">a los Usuarios la b\u00fasqueda de y acceso a la informaci\u00f3n disponible en Internet, sin que pueda considerarse <\/span><span style=\"color: #333333;\">una sugerencia, recomendaci\u00f3n o invitaci\u00f3n para la visita de los mismos. <\/span><\/p><p><span style=\"color: #333333;\">TelenTIC no ofrece ni comercializa por s\u00ed ni por medio de terceros los productos y\/o servicios disponibles<\/span><br \/><span style=\"color: #333333;\">en dichos sitios enlazados. <\/span><\/p><p><span style=\"color: #333333;\">Asimismo, tampoco garantizar\u00e1 la disponibilidad t\u00e9cnica, exactitud, veracidad, validez o legalidad de sitios <\/span><span style=\"color: #333333;\">ajenos a su propiedad a los que se pueda acceder por medio de los enlaces.<\/span><\/p><p><span style=\"color: #333333;\">TelenTIC en ning\u00fan caso revisar\u00e1 o controlar\u00e1 el contenido de otros sitios web, as\u00ed como tampoco aprueba, <\/span><span style=\"color: #333333;\">examina ni hace propios los productos y servicios, contenidos, archivos y cualquier otro material existente <\/span><span style=\"color: #333333;\">en los referidos sitios enlazados.<\/span><\/p><p><span style=\"color: #333333;\">TelenTIC no asume ninguna responsabilidad por los da\u00f1os y perjuicios que pudieran producirse por el <\/span><span style=\"color: #333333;\">acceso, uso, calidad o licitud de los contenidos, comunicaciones, opiniones, productos y servicios de los <\/span><span style=\"color: #333333;\">sitios web no gestionados por TelenTIC y que sean enlazados en este Sitio Web.<\/span><\/p><p><span style=\"color: #333333;\">El Usuario o tercero que realice un hiperv\u00ednculo desde una p\u00e1gina web de otro, distinto, sitio web al Sitio <\/span><span style=\"color: #333333;\">Web de TelenTIC deber\u00e1 saber que:<\/span><\/p><ul><li>\u00a0<span style=\"color: #333333;\">No se permite la reproducci\u00f3n \u2014total o parcialmente\u2014 de ninguno de los Contenidos y\/o Servicios del Sitio <\/span><span style=\"color: #333333;\">Web sin autorizaci\u00f3n expresa de TelenTIC.<\/span><\/li><li><span style=\"color: #333333;\">No se permite tampoco ninguna manifestaci\u00f3n falsa, inexacta o incorrecta sobre el Sitio Web de TelenTIC, <\/span><span style=\"color: #333333;\">ni sobre los Contenidos y\/o Servicios del mismo.<\/span><\/li><li><span style=\"color: #333333;\">A excepci\u00f3n del hiperv\u00ednculo, el sitio web en el que se establezca dicho hiperenlace no contendr\u00e1 ning\u00fan <\/span><span style=\"color: #333333;\">elemento, de este Sitio Web, protegido como propiedad intelectual por el ordenamiento jur\u00eddico espa\u00f1ol, <\/span><span style=\"color: #333333;\">salvo autorizaci\u00f3n expresa de TelenTIC.<\/span><\/li><li><span style=\"color: #333333;\">El establecimiento del hiperv\u00ednculo no implicar\u00e1 la existencia de relaciones entre TelenTIC y el titular del <\/span><span style=\"color: #333333;\">sitio web desde el cual se realice, ni el conocimiento y aceptaci\u00f3n de TelenTIC de los contenidos, servicios <\/span><span style=\"color: #333333;\">y\/o actividades ofrecidas en dicho sitio web, y viceversa.<\/span><\/li><\/ul>\t\t\t\t\t\t\t\t<\/div>\n\t\t\t\t<\/div>\n\t\t\t\t<div class=\"elementor-element elementor-element-6fa34d9 elementor-widget elementor-widget-heading\" data-id=\"6fa34d9\" data-element_type=\"widget\" data-widget_type=\"heading.default\">\n\t\t\t\t<div class=\"elementor-widget-container\">\n\t\t\t\t\t<h2 class=\"elementor-heading-title elementor-size-default\">V. PROPIEDAD INTELECTUAL E INDUSTRIAL<\/h2>\t\t\t\t<\/div>\n\t\t\t\t<\/div>\n\t\t\t\t<div class=\"elementor-element elementor-element-e1221ff elementor-widget elementor-widget-text-editor\" data-id=\"e1221ff\" data-element_type=\"widget\" data-widget_type=\"text-editor.default\">\n\t\t\t\t<div class=\"elementor-widget-container\">\n\t\t\t\t\t\t\t\t\t<p><span style=\"color: #333333;\">TelenTIC por s\u00ed o como parte cesionaria, es titular de todos los derechos de propiedad intelectual e <\/span><span style=\"color: #333333;\">industrial del Sitio Web, as\u00ed como de los elementos contenidos en el mismo (a t\u00edtulo enunciativo y no <\/span><span style=\"color: #333333;\">exhaustivo, im\u00e1genes, sonido, audio, v\u00eddeo, software o textos, marcas o logotipos, combinaciones de <\/span><span style=\"color: #333333;\">colores, estructura y dise\u00f1o, selecci\u00f3n de materiales usados, programas de ordenador necesarios para su <\/span><span style=\"color: #333333;\">funcionamiento, acceso y uso, etc.). Ser\u00e1n, por consiguiente, obras protegidas como propiedad intelectual <\/span><span style=\"color: #333333;\">por el ordenamiento jur\u00eddico espa\u00f1ol, si\u00e9ndoles aplicables tanto la normativa espa\u00f1ola y comunitaria en <\/span><span style=\"color: #333333;\">este campo, como los tratados internacionales relativos a la materia y suscritos por Espa\u00f1a.<\/span><\/p><p><span style=\"color: #333333;\">Todos los derechos reservados. En virtud de lo dispuesto en la Ley de Propiedad Intelectual, quedan <\/span><span style=\"color: #333333;\">expresamente prohibidas la reproducci\u00f3n, la distribuci\u00f3n y la comunicaci\u00f3n p\u00fablica, incluida su modalidad <\/span><span style=\"color: #333333;\">de puesta a disposici\u00f3n, de la totalidad o parte de los contenidos de esta p\u00e1gina web, con fines <\/span><span style=\"color: #333333;\">comerciales, en cualquier soporte y por cualquier medio t\u00e9cnico, sin la autorizaci\u00f3n de TelenTIC.<\/span><\/p><p><span style=\"color: #333333;\">El Usuario se compromete a respetar los derechos de propiedad intelectual e industrial de TelenTIC. Podr\u00e1 <\/span><span style=\"color: #333333;\">visualizar los elementos del Sitio Web o incluso imprimirlos, copiarlos y almacenarlos en el disco duro de<\/span> <span style=\"color: #333333;\">su ordenador o en cualquier otro soporte f\u00edsico siempre y cuando sea, exclusivamente, para su uso <\/span><span style=\"color: #333333;\">personal. El Usuario, sin embargo, no podr\u00e1 suprimir, alterar, o manipular cualquier dispositivo de <\/span><span style=\"color: #333333;\">protecci\u00f3n o sistema de seguridad que estuviera instalado en el Sitio Web.<\/span><\/p><p><span style=\"color: #333333;\">En caso de que el Usuario o tercero considere que cualquiera de los Contenidos del Sitio Web suponga una <\/span><span style=\"color: #333333;\">violaci\u00f3n de los derechos de protecci\u00f3n de la propiedad intelectual, deber\u00e1 comunicarlo inmediatamente a <\/span><span style=\"color: #333333;\">TelenTIC a trav\u00e9s de los datos de contacto del apartado de INFORMACI\u00d3N GENERAL de este Aviso Legal y <\/span><span style=\"color: #333333;\">Condiciones Generales de Uso.<\/span><\/p>\t\t\t\t\t\t\t\t<\/div>\n\t\t\t\t<\/div>\n\t\t\t\t<div class=\"elementor-element elementor-element-586d898 elementor-widget elementor-widget-heading\" data-id=\"586d898\" data-element_type=\"widget\" data-widget_type=\"heading.default\">\n\t\t\t\t<div class=\"elementor-widget-container\">\n\t\t\t\t\t<h2 class=\"elementor-heading-title elementor-size-default\">VI. ACCIONES LEGALES, LEGISLACI\u00d3N APLICABLE Y\nJURISDICCI\u00d3N<\/h2>\t\t\t\t<\/div>\n\t\t\t\t<\/div>\n\t\t\t\t<div class=\"elementor-element elementor-element-8c011fa elementor-widget elementor-widget-text-editor\" data-id=\"8c011fa\" data-element_type=\"widget\" data-widget_type=\"text-editor.default\">\n\t\t\t\t<div class=\"elementor-widget-container\">\n\t\t\t\t\t\t\t\t\t<p><span style=\"color: #333333;\">TelenTIC se reserva la facultad de presentar las acciones civiles o penales que considere necesarias por la <\/span><span style=\"color: #333333;\">utilizaci\u00f3n indebida del Sitio Web y Contenidos, o por el incumplimiento de las presentes Condiciones.<\/span><\/p><p><span style=\"color: #333333;\">La relaci\u00f3n entre el Usuario y TelenTIC se regir\u00e1 por la normativa vigente y de aplicaci\u00f3n en el territorio <\/span><span style=\"color: #333333;\">espa\u00f1ol. De surgir cualquier controversia en relaci\u00f3n con la interpretaci\u00f3n y\/o a la aplicaci\u00f3n de estas <\/span><span style=\"color: #333333;\">Condiciones las partes someter\u00e1n sus conflictos a la jurisdicci\u00f3n ordinaria someti\u00e9ndose a los jueces y <\/span><span style=\"color: #333333;\">tribunales que correspondan conforme a derecho.<\/span><\/p>\t\t\t\t\t\t\t\t<\/div>\n\t\t\t\t<\/div>\n\t\t\t\t\t<\/div>\n\t\t\t\t<\/div>\n\t\t\t\t\t<\/div>\n\t\t\t\t<\/div>\n\t\t\t\t<\/div>\n\t\t","protected":false},"excerpt":{"rendered":"<p>I. INFORMACI\u00d3N GENERAL En cumplimiento con el deber de informaci\u00f3n dispuesto en la Ley 34\/2002 de Servicios de la Sociedad de la Informaci\u00f3n y el Comercio Electr\u00f3nico (LSSI-CE) de 11&hellip;<\/p>\n","protected":false},"author":1,"featured_media":0,"parent":0,"menu_order":0,"comment_status":"closed","ping_status":"closed","template":"","meta":{"footnotes":""},"class_list":["post-436","page","type-page","status-publish","hentry"],"_links":{"self":[{"href":"https:\/\/www.telentic.es\/index.php\/wp-json\/wp\/v2\/pages\/436","targetHints":{"allow":["GET"]}}],"collection":[{"href":"https:\/\/www.telentic.es\/index.php\/wp-json\/wp\/v2\/pages"}],"about":[{"href":"https:\/\/www.telentic.es\/index.php\/wp-json\/wp\/v2\/types\/page"}],"author":[{"embeddable":true,"href":"https:\/\/www.telentic.es\/index.php\/wp-json\/wp\/v2\/users\/1"}],"replies":[{"embeddable":true,"href":"https:\/\/www.telentic.es\/index.php\/wp-json\/wp\/v2\/comments?post=436"}],"version-history":[{"count":28,"href":"https:\/\/www.telentic.es\/index.php\/wp-json\/wp\/v2\/pages\/436\/revisions"}],"predecessor-version":[{"id":566,"href":"https:\/\/www.telentic.es\/index.php\/wp-json\/wp\/v2\/pages\/436\/revisions\/566"}],"wp:attachment":[{"href":"https:\/\/www.telentic.es\/index.php\/wp-json\/wp\/v2\/media?parent=436"}],"curies":[{"name":"wp","href":"https:\/\/api.w.org\/{rel}","templated":true}]}}