{"id":173,"date":"2024-12-02T12:26:09","date_gmt":"2024-12-02T12:26:09","guid":{"rendered":"https:\/\/www.telentic.es\/prueba\/?page_id=173"},"modified":"2024-12-02T15:45:40","modified_gmt":"2024-12-02T15:45:40","slug":"diseno-web-y-aplicaciones","status":"publish","type":"page","link":"https:\/\/www.telentic.es\/index.php\/diseno-web-y-aplicaciones\/","title":{"rendered":"Dise\u00f1o web y Aplicaciones"},"content":{"rendered":"\t\t<div data-elementor-type=\"wp-page\" data-elementor-id=\"173\" class=\"elementor elementor-173\">\n\t\t\t\t<div class=\"elementor-element elementor-element-6fa057c e-con-full e-flex e-con e-parent\" data-id=\"6fa057c\" data-element_type=\"container\">\n\t\t\t\t<div class=\"elementor-element elementor-element-1389903 elementor-widget-divider--view-line elementor-widget elementor-widget-divider\" data-id=\"1389903\" data-element_type=\"widget\" data-widget_type=\"divider.default\">\n\t\t\t\t<div class=\"elementor-widget-container\">\n\t\t\t\t\t\t\t<div class=\"elementor-divider\">\n\t\t\t<span class=\"elementor-divider-separator\">\n\t\t\t\t\t\t<\/span>\n\t\t<\/div>\n\t\t\t\t\t\t<\/div>\n\t\t\t\t<\/div>\n\t\t\t\t<\/div>\n\t\t<div class=\"elementor-element elementor-element-782a2d9 e-flex e-con-boxed e-con e-parent\" data-id=\"782a2d9\" data-element_type=\"container\">\n\t\t\t\t\t<div class=\"e-con-inner\">\n\t\t\t\t<div class=\"elementor-element elementor-element-1ac6f61 elementor-widget elementor-widget-heading\" data-id=\"1ac6f61\" data-element_type=\"widget\" data-widget_type=\"heading.default\">\n\t\t\t\t<div class=\"elementor-widget-container\">\n\t\t\t\t\t<h2 class=\"elementor-heading-title elementor-size-default\">\u00a1No hace falta ser GRANDE para tener una GRAN web!<\/h2>\t\t\t\t<\/div>\n\t\t\t\t<\/div>\n\t\t\t\t\t<\/div>\n\t\t\t\t<\/div>\n\t\t<div class=\"elementor-element elementor-element-acb60cf e-flex e-con-boxed e-con e-parent\" data-id=\"acb60cf\" data-element_type=\"container\">\n\t\t\t\t\t<div class=\"e-con-inner\">\n\t\t<div class=\"elementor-element elementor-element-85728e4 e-con-full e-grid e-con e-child\" data-id=\"85728e4\" data-element_type=\"container\">\n\t\t\t\t<div class=\"elementor-element elementor-element-7266f4c animated-slow elementor-invisible elementor-widget elementor-widget-text-editor\" data-id=\"7266f4c\" data-element_type=\"widget\" data-settings=\"{&quot;_animation&quot;:&quot;slideInLeft&quot;}\" data-widget_type=\"text-editor.default\">\n\t\t\t\t<div class=\"elementor-widget-container\">\n\t\t\t\t\t\t\t\t\t<p><strong>Tu negocio siempre estar\u00e1 abierto, las 24h y 365 d\u00edas del a\u00f1o<\/strong><\/p>\t\t\t\t\t\t\t\t<\/div>\n\t\t\t\t<\/div>\n\t\t\t\t<div class=\"elementor-element elementor-element-78f0532 elementor-widget elementor-widget-image\" data-id=\"78f0532\" data-element_type=\"widget\" data-widget_type=\"image.default\">\n\t\t\t\t<div class=\"elementor-widget-container\">\n\t\t\t\t\t\t\t\t\t\t\t\t\t\t\t<img decoding=\"async\" src=\"https:\/\/www.telentic.es\/wp-content\/uploads\/2024\/12\/pngegg.png\" title=\"pngegg\" alt=\"pngegg\" loading=\"lazy\" \/>\t\t\t\t\t\t\t\t\t\t\t\t\t\t\t<\/div>\n\t\t\t\t<\/div>\n\t\t\t\t<div class=\"elementor-element elementor-element-b438849 elementor-widget elementor-widget-image\" data-id=\"b438849\" data-element_type=\"widget\" data-widget_type=\"image.default\">\n\t\t\t\t<div class=\"elementor-widget-container\">\n\t\t\t\t\t\t\t\t\t\t\t\t\t\t\t<img fetchpriority=\"high\" decoding=\"async\" width=\"740\" height=\"740\" src=\"https:\/\/www.telentic.es\/wp-content\/uploads\/2024\/12\/icono-creativo-bombilla-medio-cerebro-que-representa-ideas-creatividad-conocimiento-tecnologia-mente-humana-ilustracion-linea-fina-concepto-solucion-problemas_175838-3463.jpg\" class=\"attachment-large size-large wp-image-227\" alt=\"\" srcset=\"https:\/\/www.telentic.es\/wp-content\/uploads\/2024\/12\/icono-creativo-bombilla-medio-cerebro-que-representa-ideas-creatividad-conocimiento-tecnologia-mente-humana-ilustracion-linea-fina-concepto-solucion-problemas_175838-3463.jpg 740w, https:\/\/www.telentic.es\/wp-content\/uploads\/2024\/12\/icono-creativo-bombilla-medio-cerebro-que-representa-ideas-creatividad-conocimiento-tecnologia-mente-humana-ilustracion-linea-fina-concepto-solucion-problemas_175838-3463-300x300.jpg 300w, https:\/\/www.telentic.es\/wp-content\/uploads\/2024\/12\/icono-creativo-bombilla-medio-cerebro-que-representa-ideas-creatividad-conocimiento-tecnologia-mente-humana-ilustracion-linea-fina-concepto-solucion-problemas_175838-3463-150x150.jpg 150w\" sizes=\"(max-width: 740px) 100vw, 740px\" \/>\t\t\t\t\t\t\t\t\t\t\t\t\t\t\t<\/div>\n\t\t\t\t<\/div>\n\t\t\t\t<div class=\"elementor-element elementor-element-8d7fa21 animated-slow elementor-invisible elementor-widget elementor-widget-text-editor\" data-id=\"8d7fa21\" data-element_type=\"widget\" data-settings=\"{&quot;_animation&quot;:&quot;slideInRight&quot;}\" data-widget_type=\"text-editor.default\">\n\t\t\t\t<div class=\"elementor-widget-container\">\n\t\t\t\t\t\t\t\t\t<p><strong>Cat\u00e1logo permanente, ampl\u00eda tu mercado all\u00e1 donde imagines<\/strong><\/p>\t\t\t\t\t\t\t\t<\/div>\n\t\t\t\t<\/div>\n\t\t\t\t<div class=\"elementor-element elementor-element-d20f7e5 animated-slow elementor-invisible elementor-widget elementor-widget-text-editor\" data-id=\"d20f7e5\" data-element_type=\"widget\" data-settings=\"{&quot;_animation&quot;:&quot;slideInLeft&quot;}\" data-widget_type=\"text-editor.default\">\n\t\t\t\t<div class=\"elementor-widget-container\">\n\t\t\t\t\t\t\t\t\t<p><strong>Informaci\u00f3n tan detallada como se quiera, tu pones el l\u00edmite<\/strong><\/p>\t\t\t\t\t\t\t\t<\/div>\n\t\t\t\t<\/div>\n\t\t\t\t<div class=\"elementor-element elementor-element-690db47 elementor-widget elementor-widget-image\" data-id=\"690db47\" data-element_type=\"widget\" data-widget_type=\"image.default\">\n\t\t\t\t<div class=\"elementor-widget-container\">\n\t\t\t\t\t\t\t\t\t\t\t\t\t\t\t<img decoding=\"async\" width=\"100\" height=\"100\" src=\"https:\/\/www.telentic.es\/wp-content\/uploads\/2024\/12\/cloud_1365354.png\" class=\"attachment-large size-large wp-image-226\" alt=\"\" \/>\t\t\t\t\t\t\t\t\t\t\t\t\t\t\t<\/div>\n\t\t\t\t<\/div>\n\t\t\t\t<div class=\"elementor-element elementor-element-2421f39 elementor-widget elementor-widget-image\" data-id=\"2421f39\" data-element_type=\"widget\" data-widget_type=\"image.default\">\n\t\t\t\t<div class=\"elementor-widget-container\">\n\t\t\t\t\t\t\t\t\t\t\t\t\t\t\t<img decoding=\"async\" width=\"100\" height=\"100\" src=\"https:\/\/www.telentic.es\/wp-content\/uploads\/2024\/12\/2.png\" class=\"attachment-large size-large wp-image-225\" alt=\"\" \/>\t\t\t\t\t\t\t\t\t\t\t\t\t\t\t<\/div>\n\t\t\t\t<\/div>\n\t\t\t\t<div class=\"elementor-element elementor-element-818b227 animated-slow elementor-invisible elementor-widget elementor-widget-text-editor\" data-id=\"818b227\" data-element_type=\"widget\" data-settings=\"{&quot;_animation&quot;:&quot;slideInRight&quot;}\" data-widget_type=\"text-editor.default\">\n\t\t\t\t<div class=\"elementor-widget-container\">\n\t\t\t\t\t\t\t\t\t<p><strong>Posici\u00f3nate como referente del sector, adelanta a la competencia<\/strong><\/p>\t\t\t\t\t\t\t\t<\/div>\n\t\t\t\t<\/div>\n\t\t\t\t<\/div>\n\t\t<div class=\"elementor-element elementor-element-5c37776 e-con-full animated-slow e-flex elementor-invisible e-con e-child\" data-id=\"5c37776\" data-element_type=\"container\" data-settings=\"{&quot;animation&quot;:&quot;fadeInUp&quot;}\">\n\t\t\t\t<div class=\"elementor-element elementor-element-420d4b2 elementor-widget elementor-widget-text-editor\" data-id=\"420d4b2\" data-element_type=\"widget\" data-widget_type=\"text-editor.default\">\n\t\t\t\t<div class=\"elementor-widget-container\">\n\t\t\t\t\t\t\t\t\t<p>\u00a0<\/p><p>\u00a0<\/p><div class=\"ether-col\"><div class=\"content-left-wrap col-md-12\"><div id=\"primary\" class=\"content-area\"><article id=\"post-161\" class=\"post-161 page type-page status-draft hentry\"><div class=\"entry-content\"><p><strong>Si est\u00e1s pensando en crear una nueva imagen o renovar la existente, nosotros podemos ayudarte.<\/strong><\/p><p>\u00a0<\/p><div class=\"intro_text\"><p><strong>Desarrollamos todo tipo de proyectos web a medida, portales web coporativos, p\u00e1ginas integradas en CRM, ERP, as\u00ed como aplicaciones para Android, iOS y Windows Mobile.<\/strong><\/p><p>\u00a0<\/p><p><strong>Somos expecialistas en Ecommerce y tiendas virtuales adaptandonos a las necesidades m\u00e1s pat\u00edculares de tu empresa o sector.<\/strong><\/p><\/div><\/div><\/article><\/div><\/div><\/div>\t\t\t\t\t\t\t\t<\/div>\n\t\t\t\t<\/div>\n\t\t\t\t<\/div>\n\t\t<div class=\"elementor-element elementor-element-f630f29 e-con-full e-flex e-con e-child\" data-id=\"f630f29\" data-element_type=\"container\">\n\t\t\t\t<div class=\"elementor-element elementor-element-6399de6 elementor-widget-divider--view-line elementor-widget elementor-widget-divider\" data-id=\"6399de6\" data-element_type=\"widget\" data-widget_type=\"divider.default\">\n\t\t\t\t<div class=\"elementor-widget-container\">\n\t\t\t\t\t\t\t<div class=\"elementor-divider\">\n\t\t\t<span class=\"elementor-divider-separator\">\n\t\t\t\t\t\t<\/span>\n\t\t<\/div>\n\t\t\t\t\t\t<\/div>\n\t\t\t\t<\/div>\n\t\t\t\t<\/div>\n\t\t\t\t\t<\/div>\n\t\t\t\t<\/div>\n\t\t<div class=\"elementor-element elementor-element-6cd7005 e-grid e-con-boxed e-con e-parent\" data-id=\"6cd7005\" data-element_type=\"container\">\n\t\t\t\t\t<div class=\"e-con-inner\">\n\t\t<div class=\"elementor-element elementor-element-e47afa9 e-grid e-con-full e-con e-child\" data-id=\"e47afa9\" data-element_type=\"container\">\n\t\t\t\t<div class=\"elementor-element elementor-element-3239e81 animated-slow elementor-invisible elementor-widget elementor-widget-image\" data-id=\"3239e81\" data-element_type=\"widget\" data-settings=\"{&quot;_animation&quot;:&quot;fadeInLeft&quot;}\" data-widget_type=\"image.default\">\n\t\t\t\t<div class=\"elementor-widget-container\">\n\t\t\t\t\t\t\t\t\t\t\t\t\t\t\t<img loading=\"lazy\" decoding=\"async\" width=\"128\" height=\"128\" src=\"https:\/\/www.telentic.es\/wp-content\/uploads\/2024\/12\/photography56.png\" class=\"attachment-thumbnail size-thumbnail wp-image-230\" alt=\"\" \/>\t\t\t\t\t\t\t\t\t\t\t\t\t\t\t<\/div>\n\t\t\t\t<\/div>\n\t\t\t\t<div class=\"elementor-element elementor-element-c80e03f animated-slow elementor-invisible elementor-widget elementor-widget-text-editor\" data-id=\"c80e03f\" data-element_type=\"widget\" data-settings=\"{&quot;_animation&quot;:&quot;fadeInUp&quot;}\" data-widget_type=\"text-editor.default\">\n\t\t\t\t<div class=\"elementor-widget-container\">\n\t\t\t\t\t\t\t\t\t<h5 class=\"ether-title\" style=\"text-align: center;\"><span style=\"color: #ff9900;\">Estudio Fotogr\u00e1fico<\/span><\/h5><p>\u00a0<\/p><div class=\"ether-content\"><p style=\"text-align: center;\"><span style=\"color: #333333;\">\u00bfLas im\u00e1genes y v\u00eddeos de tu web est\u00e1n hechas con un m\u00f3vil, son antiguas, copiadas o simplemente no es tu fuerte hacer fotos? No te preocupes, colaboramos con estudios fotogr\u00e1ficos profesionales para ofrecer la mejor imagen de tu empresa o sector a precios asequibles.<\/span><\/p><\/div>\t\t\t\t\t\t\t\t<\/div>\n\t\t\t\t<\/div>\n\t\t\t\t<\/div>\n\t\t<div class=\"elementor-element elementor-element-b91852d e-grid e-con-full e-con e-child\" data-id=\"b91852d\" data-element_type=\"container\">\n\t\t\t\t<div class=\"elementor-element elementor-element-38b7dbe animated-slow elementor-invisible elementor-widget elementor-widget-image\" data-id=\"38b7dbe\" data-element_type=\"widget\" data-settings=\"{&quot;_animation&quot;:&quot;fadeInDown&quot;}\" data-widget_type=\"image.default\">\n\t\t\t\t<div class=\"elementor-widget-container\">\n\t\t\t\t\t\t\t\t\t\t\t\t\t\t\t<img loading=\"lazy\" decoding=\"async\" width=\"128\" height=\"128\" src=\"https:\/\/www.telentic.es\/wp-content\/uploads\/2024\/12\/edit29.png\" class=\"attachment-large size-large wp-image-229\" alt=\"\" \/>\t\t\t\t\t\t\t\t\t\t\t\t\t\t\t<\/div>\n\t\t\t\t<\/div>\n\t\t\t\t<div class=\"elementor-element elementor-element-02c161e animated-slow elementor-invisible elementor-widget elementor-widget-text-editor\" data-id=\"02c161e\" data-element_type=\"widget\" data-settings=\"{&quot;_animation&quot;:&quot;fadeInUp&quot;}\" data-widget_type=\"text-editor.default\">\n\t\t\t\t<div class=\"elementor-widget-container\">\n\t\t\t\t\t\t\t\t\t<h5 class=\"ether-title\" style=\"text-align: center;\"><span style=\"color: #ff9900;\">Edita tu web<\/span><\/h5><p>\u00a0<\/p><div class=\"ether-content\"><p style=\"text-align: center;\"><span style=\"color: #333333;\">\u00bfTe urge cambiar la tarifa de tu web, los productos que aparecen ya no est\u00e1n disponibles, tienes una nueva promoci\u00f3n? Hazlo tu mismo! ya no tendr\u00e1s que depender de los programadores para que actualicen tu web, te facilitaremos un panel con usuario y clave para que puedas hacerlo cuando quieras y donde quieras.<\/span><\/p><\/div>\t\t\t\t\t\t\t\t<\/div>\n\t\t\t\t<\/div>\n\t\t\t\t<\/div>\n\t\t<div class=\"elementor-element elementor-element-ceb026c e-grid e-con-full e-con e-child\" data-id=\"ceb026c\" data-element_type=\"container\">\n\t\t\t\t<div class=\"elementor-element elementor-element-c8c9d77 animated-slow elementor-invisible elementor-widget elementor-widget-image\" data-id=\"c8c9d77\" data-element_type=\"widget\" data-settings=\"{&quot;_animation&quot;:&quot;fadeInDown&quot;}\" data-widget_type=\"image.default\">\n\t\t\t\t<div class=\"elementor-widget-container\">\n\t\t\t\t\t\t\t\t\t\t\t\t\t\t\t<img loading=\"lazy\" decoding=\"async\" width=\"128\" height=\"128\" src=\"https:\/\/www.telentic.es\/wp-content\/uploads\/2024\/12\/screens4.png\" class=\"attachment-large size-large wp-image-231\" alt=\"\" \/>\t\t\t\t\t\t\t\t\t\t\t\t\t\t\t<\/div>\n\t\t\t\t<\/div>\n\t\t\t\t<div class=\"elementor-element elementor-element-2435c0e animated-slow elementor-invisible elementor-widget elementor-widget-text-editor\" data-id=\"2435c0e\" data-element_type=\"widget\" data-settings=\"{&quot;_animation&quot;:&quot;fadeInUp&quot;}\" data-widget_type=\"text-editor.default\">\n\t\t\t\t<div class=\"elementor-widget-container\">\n\t\t\t\t\t\t\t\t\t<h5 class=\"ether-title\" style=\"text-align: center;\"><span style=\"color: #ff9900;\">Compatibilidad<\/span><\/h5><p>\u00a0<\/p><div class=\"ether-content\"><p style=\"text-align: center;\"><span style=\"color: #333333;\">Debido al auge actual del uso de m\u00f3viles y dispositivos portables para acceder a internet y su inevitable crecimiento, es necesario lograr que las p\u00e1ginas web creadas se muestren correctamente en cualquiera de estos medios, por ello trabajamos a diario para lograr que tu web sea visible en todos los navegadores y dispositivos.<\/span><\/p><\/div>\t\t\t\t\t\t\t\t<\/div>\n\t\t\t\t<\/div>\n\t\t\t\t<\/div>\n\t\t<div class=\"elementor-element elementor-element-8775c7e e-grid e-con-full e-con e-child\" data-id=\"8775c7e\" data-element_type=\"container\">\n\t\t\t\t<div class=\"elementor-element elementor-element-53faaa5 animated-slow elementor-invisible elementor-widget elementor-widget-image\" data-id=\"53faaa5\" data-element_type=\"widget\" data-settings=\"{&quot;_animation&quot;:&quot;fadeInRight&quot;}\" data-widget_type=\"image.default\">\n\t\t\t\t<div class=\"elementor-widget-container\">\n\t\t\t\t\t\t\t\t\t\t\t\t\t\t\t<img loading=\"lazy\" decoding=\"async\" width=\"128\" height=\"128\" src=\"https:\/\/www.telentic.es\/wp-content\/uploads\/2024\/12\/wax1.png\" class=\"attachment-large size-large wp-image-232\" alt=\"\" \/>\t\t\t\t\t\t\t\t\t\t\t\t\t\t\t<\/div>\n\t\t\t\t<\/div>\n\t\t\t\t<div class=\"elementor-element elementor-element-7bdf46a animated-slow elementor-invisible elementor-widget elementor-widget-text-editor\" data-id=\"7bdf46a\" data-element_type=\"widget\" data-settings=\"{&quot;_animation&quot;:&quot;fadeInUp&quot;}\" data-widget_type=\"text-editor.default\">\n\t\t\t\t<div class=\"elementor-widget-container\">\n\t\t\t\t\t\t\t\t\t<h5 class=\"ether-title\" style=\"text-align: center;\"><span style=\"color: #ff9900;\">Garant\u00eda de Calidad<\/span><\/h5><p>\u00a0<\/p><div class=\"ether-content\"><p style=\"text-align: center;\"><span style=\"color: #333333;\">Todos nuestros proyectos est\u00e1n garantizados en su correcto funcionamiento y accesibilidad. Te aseguramos que todos los buscadores leen correctamente los c\u00f3digos empleados y que ser\u00e1n indexados correctamente.<\/span><\/p><\/div>\t\t\t\t\t\t\t\t<\/div>\n\t\t\t\t<\/div>\n\t\t\t\t<\/div>\n\t\t\t\t\t<\/div>\n\t\t\t\t<\/div>\n\t\t<div class=\"elementor-element elementor-element-306bcc7 e-flex e-con-boxed e-con e-parent\" data-id=\"306bcc7\" data-element_type=\"container\">\n\t\t\t\t\t<div class=\"e-con-inner\">\n\t\t\t\t\t<\/div>\n\t\t\t\t<\/div>\n\t\t\t\t<\/div>\n\t\t","protected":false},"excerpt":{"rendered":"<p>\u00a1No hace falta ser GRANDE para tener una GRAN web! Tu negocio siempre estar\u00e1 abierto, las 24h y 365 d\u00edas del a\u00f1o Cat\u00e1logo permanente, ampl\u00eda tu mercado all\u00e1 donde imagines&hellip;<\/p>\n","protected":false},"author":1,"featured_media":0,"parent":0,"menu_order":0,"comment_status":"closed","ping_status":"closed","template":"elementor_header_footer","meta":{"footnotes":""},"class_list":["post-173","page","type-page","status-publish","hentry"],"_links":{"self":[{"href":"https:\/\/www.telentic.es\/index.php\/wp-json\/wp\/v2\/pages\/173","targetHints":{"allow":["GET"]}}],"collection":[{"href":"https:\/\/www.telentic.es\/index.php\/wp-json\/wp\/v2\/pages"}],"about":[{"href":"https:\/\/www.telentic.es\/index.php\/wp-json\/wp\/v2\/types\/page"}],"author":[{"embeddable":true,"href":"https:\/\/www.telentic.es\/index.php\/wp-json\/wp\/v2\/users\/1"}],"replies":[{"embeddable":true,"href":"https:\/\/www.telentic.es\/index.php\/wp-json\/wp\/v2\/comments?post=173"}],"version-history":[{"count":19,"href":"https:\/\/www.telentic.es\/index.php\/wp-json\/wp\/v2\/pages\/173\/revisions"}],"predecessor-version":[{"id":251,"href":"https:\/\/www.telentic.es\/index.php\/wp-json\/wp\/v2\/pages\/173\/revisions\/251"}],"wp:attachment":[{"href":"https:\/\/www.telentic.es\/index.php\/wp-json\/wp\/v2\/media?parent=173"}],"curies":[{"name":"wp","href":"https:\/\/api.w.org\/{rel}","templated":true}]}}